{"id":4730,"date":"2023-06-30T17:27:55","date_gmt":"2023-06-30T17:27:55","guid":{"rendered":"https:\/\/futurenergysolar.com\/?post_type=product&#038;p=4730"},"modified":"2023-07-03T13:56:18","modified_gmt":"2023-07-03T13:56:18","slug":"nera","status":"publish","type":"product","link":"https:\/\/futurenergysolar.com\/index.php\/producto\/nera\/","title":{"rendered":"NERA"},"content":{"rendered":"<h1>La soluci\u00f3n m\u00e1s compacta y pr\u00e1ctica<br \/>\npara aplicaciones de bombeo solar<\/h1>\n<p>Las bombas solares NERA han sido desarrollados para satisfacer<br \/>\nlas necesidades de bombeo de peque\u00f1a potencia y bajo costo sin sacrificar<br \/>\nla calidad, la fiabilidad y el rendimiento.<br \/>\nPor esta raz\u00f3n, soluciones tecnol\u00f3gicas \u00fanicos<br \/>\nse concentran en las bombas NERA.<\/p>\n<p>&nbsp;<\/p>\n<h1>STOP MODULE<\/h1>\n<p>Para conectar la bomba NERA al sistema fotovoltaico, est\u00e1 disponible como accesorio el STOP MODULE, equipado con:<\/p>\n<ul>\n<li>Conectores MC4 para una conexi\u00f3n r\u00e1pida y f\u00e1cil de los paneles.<\/li>\n<li>Bot\u00f3n para iniciar y detener la bomba.<\/li>\n<li>Conexiones para flotador y presostato.<\/li>\n<li>Protecci\u00f3n contra sobretensi\u00f3n.<\/li>\n<\/ul>\n","protected":false},"excerpt":{"rendered":"<p>Las bombas solares NERA han sido desarrollados para satisfacer<br \/>\nlas necesidades de bombeo de peque\u00f1a potencia y bajo costo sin sacrificar<\/p>\n","protected":false},"featured_media":4788,"comment_status":"open","ping_status":"closed","template":"","meta":{"_uag_custom_page_level_css":"","site-sidebar-layout":"default","site-content-layout":"default","ast-global-header-display":"","ast-banner-title-visibility":"","ast-main-header-display":"","ast-hfb-above-header-display":"","ast-hfb-below-header-display":"","ast-hfb-mobile-header-display":"","site-post-title":"","ast-breadcrumbs-content":"","ast-featured-img":"","footer-sml-layout":"","theme-transparent-header-meta":"default","adv-header-id-meta":"","stick-header-meta":"","header-above-stick-meta":"","header-main-stick-meta":"","header-below-stick-meta":""},"product_cat":[32],"product_tag":[],"uagb_featured_image_src":{"full":["https:\/\/futurenergysolar.com\/wp-content\/uploads\/2023\/06\/WhatsApp-Image-2023-07-03-at-08.54.44.jpeg",387,651,false],"thumbnail":["https:\/\/futurenergysolar.com\/wp-content\/uploads\/2023\/06\/WhatsApp-Image-2023-07-03-at-08.54.44-150x150.jpeg",150,150,true],"medium":["https:\/\/futurenergysolar.com\/wp-content\/uploads\/2023\/06\/WhatsApp-Image-2023-07-03-at-08.54.44-178x300.jpeg",178,300,true],"medium_large":["https:\/\/futurenergysolar.com\/wp-content\/uploads\/2023\/06\/WhatsApp-Image-2023-07-03-at-08.54.44.jpeg",387,651,false],"large":["https:\/\/futurenergysolar.com\/wp-content\/uploads\/2023\/06\/WhatsApp-Image-2023-07-03-at-08.54.44.jpeg",387,651,false],"1536x1536":["https:\/\/futurenergysolar.com\/wp-content\/uploads\/2023\/06\/WhatsApp-Image-2023-07-03-at-08.54.44.jpeg",387,651,false],"2048x2048":["https:\/\/futurenergysolar.com\/wp-content\/uploads\/2023\/06\/WhatsApp-Image-2023-07-03-at-08.54.44.jpeg",387,651,false],"mailpoet_newsletter_max":["https:\/\/futurenergysolar.com\/wp-content\/uploads\/2023\/06\/WhatsApp-Image-2023-07-03-at-08.54.44.jpeg",387,651,false],"woocommerce_thumbnail":["https:\/\/futurenergysolar.com\/wp-content\/uploads\/2023\/06\/WhatsApp-Image-2023-07-03-at-08.54.44-300x300.jpeg",300,300,true],"woocommerce_single":["https:\/\/futurenergysolar.com\/wp-content\/uploads\/2023\/06\/WhatsApp-Image-2023-07-03-at-08.54.44.jpeg",387,651,false],"woocommerce_gallery_thumbnail":["https:\/\/futurenergysolar.com\/wp-content\/uploads\/2023\/06\/WhatsApp-Image-2023-07-03-at-08.54.44-100x100.jpeg",100,100,true]},"uagb_author_info":{"display_name":"poweryi","author_link":"https:\/\/futurenergysolar.com\/index.php\/author\/"},"uagb_comment_info":0,"uagb_excerpt":"Las bombas solares NERA han sido desarrollados para satisfacer las necesidades de bombeo de peque\u00f1a potencia y bajo costo sin sacrificar","_links":{"self":[{"href":"https:\/\/futurenergysolar.com\/index.php\/wp-json\/wp\/v2\/product\/4730"}],"collection":[{"href":"https:\/\/futurenergysolar.com\/index.php\/wp-json\/wp\/v2\/product"}],"about":[{"href":"https:\/\/futurenergysolar.com\/index.php\/wp-json\/wp\/v2\/types\/product"}],"replies":[{"embeddable":true,"href":"https:\/\/futurenergysolar.com\/index.php\/wp-json\/wp\/v2\/comments?post=4730"}],"wp:featuredmedia":[{"embeddable":true,"href":"https:\/\/futurenergysolar.com\/index.php\/wp-json\/wp\/v2\/media\/4788"}],"wp:attachment":[{"href":"https:\/\/futurenergysolar.com\/index.php\/wp-json\/wp\/v2\/media?parent=4730"}],"wp:term":[{"taxonomy":"product_cat","embeddable":true,"href":"https:\/\/futurenergysolar.com\/index.php\/wp-json\/wp\/v2\/product_cat?post=4730"},{"taxonomy":"product_tag","embeddable":true,"href":"https:\/\/futurenergysolar.com\/index.php\/wp-json\/wp\/v2\/product_tag?post=4730"}],"curies":[{"name":"wp","href":"https:\/\/api.w.org\/{rel}","templated":true}]}}