{"id":4661,"date":"2023-06-27T02:25:03","date_gmt":"2023-06-27T02:25:03","guid":{"rendered":"https:\/\/futurenergysolar.com\/?post_type=product&#038;p=4661"},"modified":"2023-06-27T02:31:34","modified_gmt":"2023-06-27T02:31:34","slug":"inversor-cargador-growatt-spf-6000t-dvm","status":"publish","type":"product","link":"https:\/\/futurenergysolar.com\/index.php\/producto\/inversor-cargador-growatt-spf-6000t-dvm\/","title":{"rendered":"Inversor Cargador Growatt SPF 6000T DVM"},"content":{"rendered":"<h2>Informaci\u00f3n Inversor Cargador Growatt SPF 6000T DVM<\/h2>\n<p>Las caracter\u00edsticas t\u00e9cnicas que ofrece el\u00a0<strong>Inversor Cargador Growatt SPF 6000T DVM<\/strong>\u00a0son:<\/p>\n<p>&#8211; Cuenta con un\u00a0<a title=\"Controlador de Carga MPPT\" href=\"https:\/\/autosolar.co\/controladores-de-carga-mppt\" target=\"_blank\" rel=\"noopener\">controlador de carga MPPT<\/a>\u00a0incorporado.<\/p>\n<p>&#8211;\u00a0<a title=\"Inversores Solares\" href=\"https:\/\/autosolar.co\/inversores-solares\" target=\"_blank\" rel=\"noopener\">Inversor solar<\/a>\u00a0de baja frecuencia 120\/240 Vca Salida de fase dividida.<\/p>\n<p>&#8211;\u00a0<strong>Dispone de monitoreo remoto WIFI\/GPRS<\/strong>, lo cual hace m\u00e1s sencilla la configuraci\u00f3n, la puesta en marcha del aparato o su configuraci\u00f3n. Tambi\u00e9n permite controlar el funcionamiento en tiempo real, la producci\u00f3n de la instalaci\u00f3n y otros datos, todo de forma totalmente gratuita e intuitiva.<\/p>\n<p>&#8211; El\u00a0<strong>Inversor Cargador Growatt SPF 6000T DVM<\/strong>\u00a0incorpora un transformador de baja frecuencia de cobre puro incorporado.<\/p>\n<p>&#8211; El\u00a0<strong>Inversor Cargador Growatt SPF 6000T DVM<\/strong>\u00a0cuenta con la funci\u00f3n inteligente y configuraci\u00f3n de par\u00e1metros gracias al bot\u00f3n LCD, esto nos permite, a diferencia de otros dispositivos, no requerir de un dispositivo o aplicaci\u00f3n externa para configurar el\u00a0<strong>Inversor Cargador Growatt SPF 6000T DVM<\/strong>\u00a0con los par\u00e1metros compatibles.<\/p>\n<h2>Instalaci\u00f3n del Inversor Cargador Growatt SPF 6000W 40V 80A<\/h2>\n<p>Es recomendable la instalaci\u00f3n del\u00a0<strong>Inversor Cargador Growatt SPF 6000T DVM<\/strong>\u00a0por parte de un profesional experto dadas las caracter\u00edsticas t\u00e9cnicas y sobre todo su complejidad ya que adem\u00e1s de necesitar una correcta manipulaci\u00f3n\u00a0<strong>el Inversor Cargador del que hablamos debe ser configurado seg\u00fan las directrices del fabricante y en ning\u00fan caso una incorrecta configuraci\u00f3n o instalaci\u00f3n se cubrir\u00e1 con la garant\u00eda.<\/strong><\/p>\n<h2>Compra del Inversor Cargador Growatt SPF 6000T DVM<\/h2>\n<p>El\u00a0<strong>Inversor Cargador Growatt SPF 6000T DVM<\/strong>\u00a0tiene unas grandes caracter\u00edsticas t\u00e9cnicas y prestaciones y adem\u00e1s muestra una gran durabilidad.\u00a0<strong>Puede adquirir el Inversor Cargador Growatt SPF 6000T DVM en AutoSolar al precio mas bajo del mercado<\/strong>, adem\u00e1s cuenta con un gran equipo de ingenieros a su disposici\u00f3n que le informar\u00e1n sin compromiso en caso de que tenga alguna duda.<\/p>\n","protected":false},"excerpt":{"rendered":"<p>Informaci\u00f3n Inversor Cargador Growatt SPF 6000T DVM Las caracter\u00edsticas t\u00e9cnicas que ofrece el\u00a0Inversor Cargador Growatt SPF 6000T DVM\u00a0son: &#8211; Cuenta con un\u00a0controlador de carga MPPT\u00a0incorporado. &#8211;\u00a0Inversor solar\u00a0de baja frecuencia 120\/240 Vca Salida de fase dividida. &#8211;\u00a0Dispone de monitoreo remoto WIFI\/GPRS, lo cual hace m\u00e1s sencilla la configuraci\u00f3n, la puesta en marcha del aparato o su &hellip;<\/p>\n<p class=\"read-more\"> <a class=\"\" href=\"https:\/\/futurenergysolar.com\/index.php\/producto\/inversor-cargador-growatt-spf-6000t-dvm\/\"> <span class=\"screen-reader-text\">Inversor Cargador Growatt SPF 6000T DVM<\/span> Leer m\u00e1s &raquo;<\/a><\/p>\n","protected":false},"featured_media":4662,"comment_status":"open","ping_status":"closed","template":"","meta":{"_uag_custom_page_level_css":"","site-sidebar-layout":"default","site-content-layout":"default","ast-global-header-display":"","ast-banner-title-visibility":"","ast-main-header-display":"","ast-hfb-above-header-display":"","ast-hfb-below-header-display":"","ast-hfb-mobile-header-display":"","site-post-title":"","ast-breadcrumbs-content":"","ast-featured-img":"","footer-sml-layout":"","theme-transparent-header-meta":"default","adv-header-id-meta":"","stick-header-meta":"","header-above-stick-meta":"","header-main-stick-meta":"","header-below-stick-meta":""},"product_cat":[31],"product_tag":[],"uagb_featured_image_src":{"full":["https:\/\/futurenergysolar.com\/wp-content\/uploads\/2023\/06\/Inversor-solares-Cargadores-Growatt-SPF-6000T-DVM-Cuenca-Ecuador.jpg",499,488,false],"thumbnail":["https:\/\/futurenergysolar.com\/wp-content\/uploads\/2023\/06\/Inversor-solares-Cargadores-Growatt-SPF-6000T-DVM-Cuenca-Ecuador-150x150.jpg",150,150,true],"medium":["https:\/\/futurenergysolar.com\/wp-content\/uploads\/2023\/06\/Inversor-solares-Cargadores-Growatt-SPF-6000T-DVM-Cuenca-Ecuador-300x293.jpg",300,293,true],"medium_large":["https:\/\/futurenergysolar.com\/wp-content\/uploads\/2023\/06\/Inversor-solares-Cargadores-Growatt-SPF-6000T-DVM-Cuenca-Ecuador.jpg",499,488,false],"large":["https:\/\/futurenergysolar.com\/wp-content\/uploads\/2023\/06\/Inversor-solares-Cargadores-Growatt-SPF-6000T-DVM-Cuenca-Ecuador.jpg",499,488,false],"1536x1536":["https:\/\/futurenergysolar.com\/wp-content\/uploads\/2023\/06\/Inversor-solares-Cargadores-Growatt-SPF-6000T-DVM-Cuenca-Ecuador.jpg",499,488,false],"2048x2048":["https:\/\/futurenergysolar.com\/wp-content\/uploads\/2023\/06\/Inversor-solares-Cargadores-Growatt-SPF-6000T-DVM-Cuenca-Ecuador.jpg",499,488,false],"mailpoet_newsletter_max":["https:\/\/futurenergysolar.com\/wp-content\/uploads\/2023\/06\/Inversor-solares-Cargadores-Growatt-SPF-6000T-DVM-Cuenca-Ecuador.jpg",499,488,false],"woocommerce_thumbnail":["https:\/\/futurenergysolar.com\/wp-content\/uploads\/2023\/06\/Inversor-solares-Cargadores-Growatt-SPF-6000T-DVM-Cuenca-Ecuador-300x300.jpg",300,300,true],"woocommerce_single":["https:\/\/futurenergysolar.com\/wp-content\/uploads\/2023\/06\/Inversor-solares-Cargadores-Growatt-SPF-6000T-DVM-Cuenca-Ecuador.jpg",499,488,false],"woocommerce_gallery_thumbnail":["https:\/\/futurenergysolar.com\/wp-content\/uploads\/2023\/06\/Inversor-solares-Cargadores-Growatt-SPF-6000T-DVM-Cuenca-Ecuador-100x100.jpg",100,100,true]},"uagb_author_info":{"display_name":"poweryi","author_link":"https:\/\/futurenergysolar.com\/index.php\/author\/"},"uagb_comment_info":0,"uagb_excerpt":"Informaci\u00f3n Inversor Cargador Growatt SPF 6000T DVM Las caracter\u00edsticas t\u00e9cnicas que ofrece el\u00a0Inversor Cargador Growatt SPF 6000T DVM\u00a0son: &#8211; Cuenta con un\u00a0controlador de carga MPPT\u00a0incorporado. &#8211;\u00a0Inversor solar\u00a0de baja frecuencia 120\/240 Vca Salida de fase dividida. &#8211;\u00a0Dispone de monitoreo remoto WIFI\/GPRS, lo cual hace m\u00e1s sencilla la configuraci\u00f3n, la puesta en marcha del aparato o su&hellip;","_links":{"self":[{"href":"https:\/\/futurenergysolar.com\/index.php\/wp-json\/wp\/v2\/product\/4661"}],"collection":[{"href":"https:\/\/futurenergysolar.com\/index.php\/wp-json\/wp\/v2\/product"}],"about":[{"href":"https:\/\/futurenergysolar.com\/index.php\/wp-json\/wp\/v2\/types\/product"}],"replies":[{"embeddable":true,"href":"https:\/\/futurenergysolar.com\/index.php\/wp-json\/wp\/v2\/comments?post=4661"}],"wp:featuredmedia":[{"embeddable":true,"href":"https:\/\/futurenergysolar.com\/index.php\/wp-json\/wp\/v2\/media\/4662"}],"wp:attachment":[{"href":"https:\/\/futurenergysolar.com\/index.php\/wp-json\/wp\/v2\/media?parent=4661"}],"wp:term":[{"taxonomy":"product_cat","embeddable":true,"href":"https:\/\/futurenergysolar.com\/index.php\/wp-json\/wp\/v2\/product_cat?post=4661"},{"taxonomy":"product_tag","embeddable":true,"href":"https:\/\/futurenergysolar.com\/index.php\/wp-json\/wp\/v2\/product_tag?post=4661"}],"curies":[{"name":"wp","href":"https:\/\/api.w.org\/{rel}","templated":true}]}}