{"id":4652,"date":"2023-06-27T00:41:50","date_gmt":"2023-06-27T00:41:50","guid":{"rendered":"https:\/\/futurenergysolar.com\/?post_type=product&#038;p=4652"},"modified":"2023-06-27T02:59:08","modified_gmt":"2023-06-27T02:59:08","slug":"inversor-growatt-min-3000tl-xh","status":"publish","type":"product","link":"https:\/\/futurenergysolar.com\/index.php\/producto\/inversor-growatt-min-3000tl-xh\/","title":{"rendered":"Inversor Growatt MIN 3000TL-XH"},"content":{"rendered":"<p>El Inversor Growatt MIN 3000TL-XH es un nuevo modelo de inversor de uno de los mayores fabricantes de inversores a nivel mundial, Growatt. Es un producto de gran calidad y con un dise\u00f1o muy compacto y moderno. Este el modelo monof\u00e1sico de inferior potencia dentro de la gama MIN-XH, habiendo modelos de hasta 6000W. Toda esta familia de inversores\u00a0<strong>dispone de 2 seguidores MPPT y un ampl\u00edsimo rango de funcionamiento<\/strong>. Estos inversores se conectan a la red el\u00e9ctrica del lugar donde est\u00e9n instalados para inyectar la energ\u00eda que producen los paneles y ahorrar en la factura de electricidad. Ofrecen unas excelentes caracter\u00edsticas para un plazo de amortizaci\u00f3n corto gracias a su ajustado precio. Tambi\u00e9n son compatibles con bater\u00edas de litio por lo que se pueden instalar conjuntamente.<\/p>\n<p>Las caracter\u00edsticas de entrada del Inversor Growatt MIN 3000TL-XH son las siguientes:<\/p>\n<p>&#8211;\u00a0<strong>Potencia m\u00e1xima recomendada a conectar<\/strong>: 4200W.<br \/>\n&#8211;\u00a0<strong>Voltaje m\u00e1ximo en CC<\/strong>: 500V.<br \/>\n&#8211;\u00a0<strong>Voltaje de arranque<\/strong>: 100V.<br \/>\n&#8211;\u00a0<strong>Rango de voltaje del MPPT<\/strong>: 80 \u2013 500V.<br \/>\n&#8211;\u00a0<strong>Voltaje nominal de funcionamiento<\/strong>: 360V.<br \/>\n&#8211;\u00a0<strong>Intensidad m\u00e1xima de entrada<\/strong>: 12.5A en cada MPPT.<br \/>\n&#8211;\u00a0<strong>Intensidad m\u00e1xima de cortocircuito<\/strong>: 16A.<br \/>\n&#8211;\u00a0<strong>N\u00famero de seguidores MPPT<\/strong>: 2.<br \/>\n&#8211;\u00a0<strong>Entradas fotovoltaicas para cada MPPT<\/strong>: 1<\/p>\n<h2>Conectividad del Inversor Growatt MIN 3000TL-XH<\/h2>\n<p>Todos inversores fotovoltaicos Growatt contienen un puerto USB para vincular el WIFI y disfrutar de la conexi\u00f3n sin cables. Asimismo, el inversor, contiene un\u00a0<strong>puerto de comunicaciones con 8 pines<\/strong>\u00a0para poder vincular el cableado en direcci\u00f3n al medidor de energ\u00eda. Con estas lecturas el inversor puede enviar la informaci\u00f3n acerca de su rendimiento y gasto del domicilio. En caso de que lo desees, dispones de un\u00a0<strong>portal web para inscribir la planta fotovoltaica, y ver toda la informaci\u00f3n acerca de la productividad, utilizaci\u00f3n y experiencia para tu instalaci\u00f3n solar de interconexi\u00f3n a la red<\/strong>.<\/p>\n<p>Cabe a\u00f1adir, que tanto el aparato WIFI como el vat\u00edmetro, se podr\u00e1n adquirir por separado. Adem\u00e1s tanto la monitorizaci\u00f3n Shine-Link X como el vat\u00edmetro SPM son art\u00edculos que se pueden comprar junto a este inversor.<\/p>\n<p>Los\u00a0<strong>inversores Growatt de la gama XH<\/strong>\u00a0son compatibles con bater\u00edas de litio por lo que puedes instalarlas conjuntamente. Al tener unas dimensiones reducidas es posible conectar tanto el inversor como las bater\u00edas cerca, para que la conexi\u00f3n se realice con el menor cableado posible.<\/p>\n<h2>Rendimiento del Inversor Growatt MIN 3000TL-XH<\/h2>\n<p>El\u00a0<strong>Inversor Growatt MIN 3000TL-XH<\/strong>\u00a0tiene una eficiencia del 98,2% que es una de las m\u00e1s altas para un inversor de conexi\u00f3n a red de estas caracter\u00edsticas. La eficiencia del regulador MPPT es de 99,9% y un rendimiento europeo del 97,1%. Con este inversor se obtiene uno de los rendimientos m\u00e1s altos del mercado a un precio econ\u00f3mico y con la mejor producci\u00f3n.<\/p>\n<h3>Dimensiones del Inversor Growatt MIN 3000TL-XH<\/h3>\n<p>Cabe se\u00f1alar que los inversores fotovoltaicos Growatt de\u00a0<strong>la clase MIN-XH tienen el mismo peso y envergadura<\/strong>.<\/p>\n<p>Este inversor tiene una\u00a0<strong>dimensi\u00f3n de 375 x 350 x 160 mm y un peso de 10,8 kg<\/strong>.<\/p>\n<p>El Inversor Red Growatt MIN 3000TL-XH no tiene transformador lo que hace que sea considerablemente menos pesado. Para llevar a cabo su instalaci\u00f3n en el exterior (cubierto de luz) dispone el\u00a0<strong>certificado de protecci\u00f3n IP65<\/strong>. Cuenta con desvanecimiento por convecci\u00f3n natural, carente de ventiladores, teniendo un nivel de sonido insignificante, de unos 35 decibelios aproximadamente. Si necesitas m\u00e1s informaci\u00f3n puedes comprobar la ficha t\u00e9cnica.<\/p>\n<h3>Protecciones del Inversor Growatt MIN 3000TL-XH<\/h3>\n<p>Respecto al\u00a0<strong>Inversor Growatt MIN 3000TL-XH<\/strong>\u00a0conviene resaltar que dispone de numerosos sistemas de protecci\u00f3n el\u00e9ctricos que lo convierten en uno de los inversores dom\u00e9sticos de consumo solar en hogar m\u00e1s seguros. Entre sus principales caracter\u00edsticas cabe destacar su\u00a0<strong>inversi\u00f3n de polaridad, protecci\u00f3n anti-isla, sobre corriente, contra cortocircuitos y sobrevoltaje, excesivo aumento de temperatura<\/strong>\u00a0entre otros. Este inversor\u00a0<strong>dispone de una garant\u00eda de 5 a\u00f1os, pudiendo ampliarse hasta 10 a\u00f1os<\/strong>.<\/p>\n<p>El\u00a0<strong>Inversor Growatt MIN 3000TL-XH<\/strong>\u00a0cuenta con un conjunto de certificados que corrobora un magn\u00edfico funcionamiento entre los diferentes tipos de redes el\u00e9ctricas.\u00a0<strong>Las certificaciones con que cuenta son: CE, IEC62109, G98, G99, VFR2014, CEI0-21, VDE-AR-N4105, EN61727, IEC62116<\/strong>.<\/p>\n<p>&nbsp;<\/p>\n","protected":false},"excerpt":{"rendered":"<p>El Inversor Growatt MIN 3000TL-XH es un nuevo modelo de inversor de uno de los mayores fabricantes de inversores a nivel mundial, Growatt.<\/p>\n","protected":false},"featured_media":4667,"comment_status":"open","ping_status":"closed","template":"","meta":{"_uag_custom_page_level_css":"","site-sidebar-layout":"default","site-content-layout":"default","ast-global-header-display":"","ast-banner-title-visibility":"","ast-main-header-display":"","ast-hfb-above-header-display":"","ast-hfb-below-header-display":"","ast-hfb-mobile-header-display":"","site-post-title":"","ast-breadcrumbs-content":"","ast-featured-img":"","footer-sml-layout":"","theme-transparent-header-meta":"default","adv-header-id-meta":"","stick-header-meta":"","header-above-stick-meta":"","header-main-stick-meta":"","header-below-stick-meta":""},"product_cat":[30],"product_tag":[],"uagb_featured_image_src":{"full":["https:\/\/futurenergysolar.com\/wp-content\/uploads\/2023\/06\/Inversor-solares-en-Cuenca-Ecuador-1.jpg",297,298,false],"thumbnail":["https:\/\/futurenergysolar.com\/wp-content\/uploads\/2023\/06\/Inversor-solares-en-Cuenca-Ecuador-1-150x150.jpg",150,150,true],"medium":["https:\/\/futurenergysolar.com\/wp-content\/uploads\/2023\/06\/Inversor-solares-en-Cuenca-Ecuador-1.jpg",297,298,false],"medium_large":["https:\/\/futurenergysolar.com\/wp-content\/uploads\/2023\/06\/Inversor-solares-en-Cuenca-Ecuador-1.jpg",297,298,false],"large":["https:\/\/futurenergysolar.com\/wp-content\/uploads\/2023\/06\/Inversor-solares-en-Cuenca-Ecuador-1.jpg",297,298,false],"1536x1536":["https:\/\/futurenergysolar.com\/wp-content\/uploads\/2023\/06\/Inversor-solares-en-Cuenca-Ecuador-1.jpg",297,298,false],"2048x2048":["https:\/\/futurenergysolar.com\/wp-content\/uploads\/2023\/06\/Inversor-solares-en-Cuenca-Ecuador-1.jpg",297,298,false],"mailpoet_newsletter_max":["https:\/\/futurenergysolar.com\/wp-content\/uploads\/2023\/06\/Inversor-solares-en-Cuenca-Ecuador-1.jpg",297,298,false],"woocommerce_thumbnail":["https:\/\/futurenergysolar.com\/wp-content\/uploads\/2023\/06\/Inversor-solares-en-Cuenca-Ecuador-1.jpg",297,298,false],"woocommerce_single":["https:\/\/futurenergysolar.com\/wp-content\/uploads\/2023\/06\/Inversor-solares-en-Cuenca-Ecuador-1.jpg",297,298,false],"woocommerce_gallery_thumbnail":["https:\/\/futurenergysolar.com\/wp-content\/uploads\/2023\/06\/Inversor-solares-en-Cuenca-Ecuador-1-100x100.jpg",100,100,true]},"uagb_author_info":{"display_name":"poweryi","author_link":"https:\/\/futurenergysolar.com\/index.php\/author\/"},"uagb_comment_info":0,"uagb_excerpt":"El Inversor Growatt MIN 3000TL-XH es un nuevo modelo de inversor de uno de los mayores fabricantes de inversores a nivel mundial, Growatt.","_links":{"self":[{"href":"https:\/\/futurenergysolar.com\/index.php\/wp-json\/wp\/v2\/product\/4652"}],"collection":[{"href":"https:\/\/futurenergysolar.com\/index.php\/wp-json\/wp\/v2\/product"}],"about":[{"href":"https:\/\/futurenergysolar.com\/index.php\/wp-json\/wp\/v2\/types\/product"}],"replies":[{"embeddable":true,"href":"https:\/\/futurenergysolar.com\/index.php\/wp-json\/wp\/v2\/comments?post=4652"}],"wp:featuredmedia":[{"embeddable":true,"href":"https:\/\/futurenergysolar.com\/index.php\/wp-json\/wp\/v2\/media\/4667"}],"wp:attachment":[{"href":"https:\/\/futurenergysolar.com\/index.php\/wp-json\/wp\/v2\/media?parent=4652"}],"wp:term":[{"taxonomy":"product_cat","embeddable":true,"href":"https:\/\/futurenergysolar.com\/index.php\/wp-json\/wp\/v2\/product_cat?post=4652"},{"taxonomy":"product_tag","embeddable":true,"href":"https:\/\/futurenergysolar.com\/index.php\/wp-json\/wp\/v2\/product_tag?post=4652"}],"curies":[{"name":"wp","href":"https:\/\/api.w.org\/{rel}","templated":true}]}}