{"id":4649,"date":"2023-06-27T00:22:44","date_gmt":"2023-06-27T00:22:44","guid":{"rendered":"https:\/\/futurenergysolar.com\/?post_type=product&#038;p=4649"},"modified":"2023-06-27T03:02:01","modified_gmt":"2023-06-27T03:02:01","slug":"inversor-de-red-growatte-min-5000tl-x","status":"publish","type":"product","link":"https:\/\/futurenergysolar.com\/index.php\/producto\/inversor-de-red-growatte-min-5000tl-x\/","title":{"rendered":"Inversor Growatte MIN 5000TL-X"},"content":{"rendered":"<p>El Inversor Growatt MIN 5000TL-XH es un nuevo modelo de inversor de uno de los mayores fabricantes de inversores a nivel mundial, Growatt. Es un producto de gran calidad y con un dise\u00f1o muy compacto y moderno. Este el modelo monof\u00e1sico de inferior potencia dentro de la gama MIN-XH, habiendo modelos de hasta 6000W. Toda esta familia de inversores\u00a0<strong>dispone de 2 seguidores MPPT y un ampl\u00edsimo rango de funcionamiento<\/strong>. Estos inversores se conectan a la red el\u00e9ctrica del lugar donde est\u00e9n instalados para inyectar la energ\u00eda que producen los paneles y ahorrar en la factura de electricidad. Ofrecen unas excelentes caracter\u00edsticas para un plazo de amortizaci\u00f3n corto gracias a su ajustado precio. Tambi\u00e9n son compatibles con bater\u00edas de litio por lo que se pueden instalar conjuntamente.<\/p>\n","protected":false},"excerpt":{"rendered":"<p>El Inversor Growatt MIN 5000TL-XH es un nuevo modelo de inversor de uno de los mayores fabricantes de inversores a nivel mundial, Growatt.<\/p>\n","protected":false},"featured_media":4667,"comment_status":"open","ping_status":"closed","template":"","meta":{"_uag_custom_page_level_css":"","site-sidebar-layout":"default","site-content-layout":"default","ast-global-header-display":"","ast-banner-title-visibility":"","ast-main-header-display":"","ast-hfb-above-header-display":"","ast-hfb-below-header-display":"","ast-hfb-mobile-header-display":"","site-post-title":"","ast-breadcrumbs-content":"","ast-featured-img":"","footer-sml-layout":"","theme-transparent-header-meta":"default","adv-header-id-meta":"","stick-header-meta":"","header-above-stick-meta":"","header-main-stick-meta":"","header-below-stick-meta":""},"product_cat":[30],"product_tag":[],"uagb_featured_image_src":{"full":["https:\/\/futurenergysolar.com\/wp-content\/uploads\/2023\/06\/Inversor-solares-en-Cuenca-Ecuador-1.jpg",297,298,false],"thumbnail":["https:\/\/futurenergysolar.com\/wp-content\/uploads\/2023\/06\/Inversor-solares-en-Cuenca-Ecuador-1-150x150.jpg",150,150,true],"medium":["https:\/\/futurenergysolar.com\/wp-content\/uploads\/2023\/06\/Inversor-solares-en-Cuenca-Ecuador-1.jpg",297,298,false],"medium_large":["https:\/\/futurenergysolar.com\/wp-content\/uploads\/2023\/06\/Inversor-solares-en-Cuenca-Ecuador-1.jpg",297,298,false],"large":["https:\/\/futurenergysolar.com\/wp-content\/uploads\/2023\/06\/Inversor-solares-en-Cuenca-Ecuador-1.jpg",297,298,false],"1536x1536":["https:\/\/futurenergysolar.com\/wp-content\/uploads\/2023\/06\/Inversor-solares-en-Cuenca-Ecuador-1.jpg",297,298,false],"2048x2048":["https:\/\/futurenergysolar.com\/wp-content\/uploads\/2023\/06\/Inversor-solares-en-Cuenca-Ecuador-1.jpg",297,298,false],"mailpoet_newsletter_max":["https:\/\/futurenergysolar.com\/wp-content\/uploads\/2023\/06\/Inversor-solares-en-Cuenca-Ecuador-1.jpg",297,298,false],"woocommerce_thumbnail":["https:\/\/futurenergysolar.com\/wp-content\/uploads\/2023\/06\/Inversor-solares-en-Cuenca-Ecuador-1.jpg",297,298,false],"woocommerce_single":["https:\/\/futurenergysolar.com\/wp-content\/uploads\/2023\/06\/Inversor-solares-en-Cuenca-Ecuador-1.jpg",297,298,false],"woocommerce_gallery_thumbnail":["https:\/\/futurenergysolar.com\/wp-content\/uploads\/2023\/06\/Inversor-solares-en-Cuenca-Ecuador-1-100x100.jpg",100,100,true]},"uagb_author_info":{"display_name":"poweryi","author_link":"https:\/\/futurenergysolar.com\/index.php\/author\/"},"uagb_comment_info":0,"uagb_excerpt":"El Inversor Growatt MIN 5000TL-XH es un nuevo modelo de inversor de uno de los mayores fabricantes de inversores a nivel mundial, Growatt.","_links":{"self":[{"href":"https:\/\/futurenergysolar.com\/index.php\/wp-json\/wp\/v2\/product\/4649"}],"collection":[{"href":"https:\/\/futurenergysolar.com\/index.php\/wp-json\/wp\/v2\/product"}],"about":[{"href":"https:\/\/futurenergysolar.com\/index.php\/wp-json\/wp\/v2\/types\/product"}],"replies":[{"embeddable":true,"href":"https:\/\/futurenergysolar.com\/index.php\/wp-json\/wp\/v2\/comments?post=4649"}],"wp:featuredmedia":[{"embeddable":true,"href":"https:\/\/futurenergysolar.com\/index.php\/wp-json\/wp\/v2\/media\/4667"}],"wp:attachment":[{"href":"https:\/\/futurenergysolar.com\/index.php\/wp-json\/wp\/v2\/media?parent=4649"}],"wp:term":[{"taxonomy":"product_cat","embeddable":true,"href":"https:\/\/futurenergysolar.com\/index.php\/wp-json\/wp\/v2\/product_cat?post=4649"},{"taxonomy":"product_tag","embeddable":true,"href":"https:\/\/futurenergysolar.com\/index.php\/wp-json\/wp\/v2\/product_tag?post=4649"}],"curies":[{"name":"wp","href":"https:\/\/api.w.org\/{rel}","templated":true}]}}