{"id":4629,"date":"2023-06-24T18:25:47","date_gmt":"2023-06-24T18:25:47","guid":{"rendered":"https:\/\/futurenergysolar.com\/?post_type=product&#038;p=4629"},"modified":"2025-09-15T02:37:18","modified_gmt":"2025-09-15T07:37:18","slug":"termosifon-clasico","status":"publish","type":"product","link":"https:\/\/futurenergysolar.com\/index.php\/producto\/termosifon-clasico\/","title":{"rendered":"Termosif\u00f3n CL\u00c1SICO"},"content":{"rendered":"<h3>Potente y econ\u00f3mico<\/h3>\n<p>El punto de partida para el sistema de termosif\u00f3n GREENoneTEC es el colector de calidad &#8220;Slimline&#8221; de alto rendimiento pero econ\u00f3mico.\u00a0Las l\u00edneas de conexi\u00f3n del colector solar al acumulador est\u00e1n bien protegidas e integradas en el colector.\u00a0De este modo se eliminan las p\u00e9rdidas de energ\u00eda y se utiliza toda la potencia del sol para calentar el agua.\u00a0\u00a1Adem\u00e1s de ser r\u00e1pido y f\u00e1cil de montar, esta soluci\u00f3n inteligente tambi\u00e9n cumple con altos est\u00e1ndares visuales!\u00a0Gracias a un aislamiento especial del tanque, el calor generado tambi\u00e9n se puede almacenar durante un per\u00edodo de tiempo m\u00e1s largo.<\/p>\n<p>Todos los sistemas de termosif\u00f3n (160, 200, 300 litros) est\u00e1n dise\u00f1ados como sistemas de 2 circuitos de &#8220;alta presi\u00f3n&#8221; y, por lo tanto, garantizan los m\u00e1s altos rendimientos solares.\u00a0Esto contribuye significativamente a la reducci\u00f3n de costos y es f\u00e1cil para su billetera, fiel al lema: &#8220;El sol no nos factura&#8221;.<\/p>\n","protected":false},"excerpt":{"rendered":"<p>El sistema de termosif\u00f3n GREENoneTEC es el colector de calidad &#8220;Slimline&#8221; de alto rendimiento pero econ\u00f3mico.<\/p>\n","protected":false},"featured_media":4630,"comment_status":"open","ping_status":"closed","template":"","meta":{"_uag_custom_page_level_css":"","site-sidebar-layout":"default","site-content-layout":"default","ast-global-header-display":"","ast-banner-title-visibility":"","ast-main-header-display":"","ast-hfb-above-header-display":"","ast-hfb-below-header-display":"","ast-hfb-mobile-header-display":"","site-post-title":"","ast-breadcrumbs-content":"","ast-featured-img":"","footer-sml-layout":"","theme-transparent-header-meta":"default","adv-header-id-meta":"","stick-header-meta":"","header-above-stick-meta":"","header-main-stick-meta":"","header-below-stick-meta":""},"product_cat":[28],"product_tag":[],"uagb_featured_image_src":{"full":["https:\/\/futurenergysolar.com\/wp-content\/uploads\/2023\/06\/THERMOSIPHON.jpg",459,457,false],"thumbnail":["https:\/\/futurenergysolar.com\/wp-content\/uploads\/2023\/06\/THERMOSIPHON-150x150.jpg",150,150,true],"medium":["https:\/\/futurenergysolar.com\/wp-content\/uploads\/2023\/06\/THERMOSIPHON-300x300.jpg",300,300,true],"medium_large":["https:\/\/futurenergysolar.com\/wp-content\/uploads\/2023\/06\/THERMOSIPHON.jpg",459,457,false],"large":["https:\/\/futurenergysolar.com\/wp-content\/uploads\/2023\/06\/THERMOSIPHON.jpg",459,457,false],"1536x1536":["https:\/\/futurenergysolar.com\/wp-content\/uploads\/2023\/06\/THERMOSIPHON.jpg",459,457,false],"2048x2048":["https:\/\/futurenergysolar.com\/wp-content\/uploads\/2023\/06\/THERMOSIPHON.jpg",459,457,false],"mailpoet_newsletter_max":["https:\/\/futurenergysolar.com\/wp-content\/uploads\/2023\/06\/THERMOSIPHON.jpg",459,457,false],"woocommerce_thumbnail":["https:\/\/futurenergysolar.com\/wp-content\/uploads\/2023\/06\/THERMOSIPHON-300x300.jpg",300,300,true],"woocommerce_single":["https:\/\/futurenergysolar.com\/wp-content\/uploads\/2023\/06\/THERMOSIPHON.jpg",459,457,false],"woocommerce_gallery_thumbnail":["https:\/\/futurenergysolar.com\/wp-content\/uploads\/2023\/06\/THERMOSIPHON-100x100.jpg",100,100,true]},"uagb_author_info":{"display_name":"poweryi","author_link":"https:\/\/futurenergysolar.com\/index.php\/author\/"},"uagb_comment_info":3,"uagb_excerpt":"El sistema de termosif\u00f3n GREENoneTEC es el colector de calidad \"Slimline\" de alto rendimiento pero econ\u00f3mico.","_links":{"self":[{"href":"https:\/\/futurenergysolar.com\/index.php\/wp-json\/wp\/v2\/product\/4629"}],"collection":[{"href":"https:\/\/futurenergysolar.com\/index.php\/wp-json\/wp\/v2\/product"}],"about":[{"href":"https:\/\/futurenergysolar.com\/index.php\/wp-json\/wp\/v2\/types\/product"}],"replies":[{"embeddable":true,"href":"https:\/\/futurenergysolar.com\/index.php\/wp-json\/wp\/v2\/comments?post=4629"}],"wp:featuredmedia":[{"embeddable":true,"href":"https:\/\/futurenergysolar.com\/index.php\/wp-json\/wp\/v2\/media\/4630"}],"wp:attachment":[{"href":"https:\/\/futurenergysolar.com\/index.php\/wp-json\/wp\/v2\/media?parent=4629"}],"wp:term":[{"taxonomy":"product_cat","embeddable":true,"href":"https:\/\/futurenergysolar.com\/index.php\/wp-json\/wp\/v2\/product_cat?post=4629"},{"taxonomy":"product_tag","embeddable":true,"href":"https:\/\/futurenergysolar.com\/index.php\/wp-json\/wp\/v2\/product_tag?post=4629"}],"curies":[{"name":"wp","href":"https:\/\/api.w.org\/{rel}","templated":true}]}}